of 889 and 14?
7
What is the highest common factor of 40 and 120?
40
Calculate the highest common divisor of 675 and 108.
27
Calculate the highest common divisor of 465 and 60.
15
What is the highest common divisor of 2985 and 30?
15
Calculate the greatest common factor of 935 and 255.
85
Calculate the highest common divisor of 10941 and 14.
7
What is the highest common divisor of 390 and 494?
26
What is the highest common divisor of 70 and 10?
10
What is the greatest common divisor of 72 and 936?
72
Calculate the highest common factor of 1568 and 378.
14
Calculate the highest common divisor of 414 and 20079.
207
Calculate the highest common factor of 28 and 42.
14
What is the greatest common divisor of 13073 and 17?
17
Calculate the greatest common factor of 727 and 4.
1
What is the greatest common factor of 12815 and 220?
55
Calculate the greatest common divisor of 2224 and 417.
139
What is the highest common factor of 2325 and 25?
25
What is the greatest common divisor of 3395 and 385?
35
What is the highest common factor of 14912 and 768?
64
What is the greatest common factor of 5475 and 438?
219
Calculate the highest common factor of 5289 and 738.
123
What is the highest common factor of 918 and 24?
6
Calculate the highest common factor of 174 and 58.
58
What is the greatest common factor of 567 and 27?
27
What is the highest common divisor of 13311 and 612?
153
Calculate the greatest common factor of 560 and 7210.
70
Calculate the highest common divisor of 28998 and 324.
162
Calculate the greatest common factor of 11 and 869.
11
What is the greatest common divisor of 21602 and 98?
14
Calculate the highest common factor of 658 and 14.
14
Calculate the greatest common factor of 1964 and 8.
4
Calculate the highest common divisor of 494 and 286.
26
What is the highest common divisor of 317 and 1?
1
Calculate the greatest common divisor of 696 and 87.
87
Calculate the greatest common factor of 1 and 9.
1
What is the greatest common divisor of 15 and 420?
15
Calculate the greatest common divisor of 41 and 2.
1
What is the greatest common divisor of 351 and 27?
27
What is the highest common factor of 28 and 8596?
28
Calculate the greatest common divisor of 1264 and 32.
16
What is the greatest common divisor of 16 and 116?
4
Calculate the greatest common factor of 32 and 4096.
32
Calculate the highest common divisor of 4 and 774.
2
What is the greatest common factor of 544 and 1564?
68
Calculate the highest common factor of 2071 and 19.
19
Calculate the greatest common factor of 108 and 96.
12
Calculate the highest common divisor of 7015 and 115.
115
Calculate the greatest common factor of 221 and 39.
13
What is the highest common divisor of 204 and 24?
12
Calculate the greatest common divisor of 320 and 10.
10
Calculate the greatest common factor of 1649 and 34.
17
Calculate the greatest common factor of 12 and 276.
12
Calculate the highest common divisor of 204 and 136.
68
Calculate the highest common divisor of 8 and 7784.
8
Calculate the greatest common divisor of 335 and 1072.
67
Calculate the greatest common factor of 5 and 145.
5
What is the highest common factor of 9 and 81?
9
Calculate the highest common factor of 108 and 90.
18
Calculate the highest common divisor of 123 and 164.
41
Calculate the highest common divisor of 28 and 236.
4
Calculate the highest common divisor of 225 and 2400.
75
What is the highest common factor of 6 and 720?
6
What is the greatest common divisor of 180 and 270?
90
Calculate the highest common factor of 384 and 12.
12
Calculate the greatest common divisor of 3811 and 37.
37
What is the highest common divisor of 260 and 20?
20
What is the greatest common factor of 72 and 216?
72
Calculate the greatest common divisor of 713 and 186.
31
What is the greatest common divisor of 210 and 1890?
210
Calculate the greatest common factor of 450 and 19170.
90
Calculate the highest common divisor of 28 and 56.
28
What is the highest common factor of 2145 and 156?
39
Calculate the greatest common factor of 369 and 82.
41
What is the greatest common divisor of 32136 and 104?
104
Calculate the highest common divisor of 96 and 7932.
12
What is the greatest common divisor of 2 and 41?
1
Calculate the highest common divisor of 129 and 2193.
129
What is the highest common divisor of 31 and 4867?
31
Calculate the highest common factor of 10 and 470.
10
Calculate the highest common factor of 244 and 427.
61
Calculate the highest common factor of 1360 and 144.
16
What is the highest common factor of 1739 and 37?
37
What is the highest common factor of 432 and 16?
16
What is the highest common divisor of 3616 and 112?
16
Calculate the highest common divisor of 45 and 720.
45
Calculate the greatest common divisor of 6 and 81.
3
Calculate the highest common factor of 6 and 4098.
6
What is the greatest common divisor of 27 and 12123?
27
What is the greatest common divisor of 6258 and 14?
14
Calculate the greatest common divisor of 3599 and 59.
59
What is the greatest common factor of 1052 and 2367?
263
Calculate the highest common divisor of 74 and 2294.
74
Calculate the highest common factor of 75 and 1425.
75
Calculate the greatest common factor of 3 and 15.
3
Calculate the highest common divisor of 644 and 378.
14
What is the greatest common divisor of 158 and 1422?
158
Calculate the greatest common factor of 2208 and 36.
12
Calculate the greatest common factor of 286 and 26.
26
Calculate the greatest common divisor of 6815 and 290.
145
What is the highest common factor of 5 and 1055?
5
Calculate the greatest common factor of 2238 and 18.
6
What is the highest common factor of 2675 and 428?
107
What is the greatest common divisor of 25 and 1225?
25
Calculate the highest common factor of 5893 and 415.
83
Calculate the greatest common divisor of 1653 and 348.
87
What is the greatest common divisor of 226 and 16837?
113
Calculate the highest common factor of 230 and 4270.
10
What is the highest common divisor of 756 and 2205?
63
What is the greatest common divisor of 847 and 231?
77
What is the highest common divisor of 141 and 17625?
141
What is the greatest common divisor of 110 and 7645?
55
Calculate the highest common factor of 884 and 156.
52
Calculate the highest common divisor of 2336 and 160.
32
Calculate the highest common divisor of 715 and 110.
55
Calculate the greatest common factor of 114 and 133.
19
What is the greatest common divisor of 71 and 142?
71
What is the greatest common divisor of 621 and 276?
69
What is the greatest common divisor of 218 and 16?
2
What is the highest common divisor of 7171 and 101?
101
What is the greatest common factor of 188 and 8?
4
What is the highest common factor of 31 and 9982?
31
Calculate the greatest common factor of 94 and 235.
47
What is the highest common factor of 20121 and 57?
57
What is the greatest common factor of 2648 and 16?
8
What is the greatest common divisor of 1512 and 56?
56
What is the greatest common divisor of 13 and 145?
1
What is the greatest common factor of 17523 and 354?
177
What is the greatest common factor of 12 and 726?
6
What is the highest common factor of 390 and 70?
10
Calculate the highest common divisor of 8 and 12.
4
Calculate the greatest common divisor of 171 and 18.
9
Calculate the greatest common factor of 414 and 45.
9
What is the greatest common factor of 1057 and 28?
7
What is the greatest common divisor of 208 and 112?
16
Calculate the greatest common factor of 117 and 1326.
39
What is the highest common divisor of 2255 and 770?
55
What is the greatest common divisor of 292 and 1241?
73
Calculate the greatest common factor of 47460 and 280.
140
Calculate the highest common divisor of 80 and 100.
20
Calculate the greatest common divisor of 255 and 34.
17
What is the highest common factor of 965 and 5?
5
Calculate the highest common divisor of 6 and 1158.
6
Calculate the highest common divisor of 2852 and 124.
124
What is the highest common factor of 10 and 610?
10
What is the greatest common factor of 68 and 4964?
68
What is the highest common factor of 120 and 2640?
120
What is the highest common divisor of 2225 and 25?
25
What is the highest common factor of 38 and 1102?
38
Calculate the greatest common divisor of 204 and 255.
51
What